4552.
198
Calculate the greatest common divisor of 48109007 and 243656.
4351
Calculate the highest common divisor of 62003304 and 1936.
968
What is the highest common divisor of 1467 and 5208176?
163
Calculate the highest common divisor of 837 and 55460736.
279
Calculate the greatest common factor of 140 and 66700445.
35
What is the highest common divisor of 1519 and 1461635?
7
Calculate the highest common factor of 728 and 2077040.
56
What is the greatest common divisor of 117180 and 252630?
630
Calculate the greatest common factor of 401868390 and 45.
15
Calculate the highest common divisor of 11665115 and 9020.
2255
What is the highest common divisor of 744 and 1478576?
248
Calculate the greatest common factor of 2359305663 and 13.
13
Calculate the greatest common factor of 91 and 2583553.
7
What is the highest common divisor of 54890 and 26026?
22
What is the greatest common divisor of 6 and 3168826?
2
Calculate the greatest common factor of 38435055 and 405.
15
Calculate the highest common divisor of 242687231 and 1436.
359
What is the greatest common factor of 70670618 and 2?
2
Calculate the highest common divisor of 356401 and 445607.
47
What is the greatest common factor of 37121864 and 6760?
1352
Calculate the greatest common divisor of 18 and 660838851.
9
What is the highest common divisor of 18 and 13293414?
18
Calculate the highest common factor of 34822 and 210979.
23
What is the highest common divisor of 7952964 and 60?
12
Calculate the highest common factor of 142220 and 1352780.
260
Calculate the highest common divisor of 13596108 and 804.
12
What is the greatest common factor of 8397575 and 425?
425
Calculate the highest common divisor of 16028082 and 81.
9
Calculate the highest common factor of 42733 and 1034.
1
Calculate the greatest common factor of 33086049 and 1161.
129
Calculate the highest common divisor of 31579 and 10166.
23
Calculate the highest common divisor of 5315 and 2103677.
1063
Calculate the highest common divisor of 12175 and 354049.
487
What is the highest common factor of 242468341 and 879?
293
Calculate the highest common divisor of 298243 and 38722.
19
What is the greatest common factor of 4650303 and 192360?
4809
What is the greatest common factor of 72 and 15152409?
9
Calculate the highest common factor of 4 and 61329962.
2
Calculate the highest common factor of 12 and 126948716.
4
Calculate the greatest common factor of 56 and 3138086.
14
Calculate the greatest common factor of 1331 and 389269947.
121
What is the highest common factor of 810654 and 416?
26
Calculate the highest common divisor of 70 and 83935782.
14
Calculate the greatest common factor of 6496219 and 808.
101
Calculate the highest common divisor of 15852595 and 275.
55
What is the greatest common divisor of 25 and 503715?
5
What is the highest common divisor of 258 and 1383297831?
129
Calculate the greatest common factor of 1953085 and 208915.
235
What is the greatest common factor of 405886811 and 11?
11
Calculate the highest common factor of 1267291025 and 35.
35
Calculate the highest common divisor of 80844 and 63012.
12
What is the highest common divisor of 793155 and 12705?
1815
Calculate the greatest common divisor of 186212565 and 33.
33
What is the highest common factor of 8526 and 18284703?
87
Calculate the greatest common divisor of 4128059 and 533.
13
Calculate the highest common divisor of 123 and 14049757.
41
Calculate the greatest common divisor of 45888 and 8830572.
2868
Calculate the greatest common divisor of 49361058 and 29621.
1559
Calculate the greatest common divisor of 3625512 and 99.
33
Calculate the highest common divisor of 1826037 and 5130.
27
What is the highest common factor of 1351 and 135990309?
1351
Calculate the highest common divisor of 61 and 1433383612.
61
Calculate the highest common factor of 22185 and 5977915.
145
Calculate the greatest common divisor of 224378 and 80182.
94
Calculate the highest common factor of 672 and 12629316.
84
What is the greatest common factor of 17330 and 82960?
10
What is the greatest common factor of 4949784 and 10836?
252
Calculate the greatest common divisor of 149 and 2830311769.
149
What is the highest common divisor of 126 and 14873747?
7
Calculate the highest common divisor of 264 and 4543512.
24
Calculate the greatest common factor of 52 and 77340354.
26
What is the highest common factor of 24 and 3971334?
6
What is the greatest common factor of 1485 and 13251150?
495
Calculate the highest common factor of 1490 and 15737130.
10
Calculate the highest common divisor of 765 and 956096235.
765
What is the highest common factor of 6741 and 1999830?
2247
What is the greatest common divisor of 22056 and 21276?
12
What is the highest common divisor of 2253291 and 876?
219
What is the greatest common divisor of 2645 and 5804970?
115
Calculate the highest common factor of 1859 and 2810977.
169
What is the greatest common divisor of 3150 and 1613160?
90
What is the highest common factor of 741328 and 168?
56
What is the highest common factor of 1141820 and 190920?
740
Calculate the greatest common divisor of 181171466 and 28.
14
What is the greatest common factor of 269479294 and 658?
658
Calculate the greatest common divisor of 37654 and 891613.
281
Calculate the highest common divisor of 11754003 and 246.
123
What is the highest common divisor of 436730416 and 32?
16
What is the greatest common divisor of 26 and 15954523?
13
What is the highest common factor of 91 and 553679?
7
Calculate the highest common factor of 7029 and 2280449.
71
Calculate the greatest common factor of 760874 and 8.
2
Calculate the highest common divisor of 160349280 and 42.
42
What is the highest common factor of 4764552414 and 1086?
1086
What is the highest common divisor of 611 and 28092088?
47
What is the greatest common factor of 333550 and 9650?
50
What is the greatest common factor of 177072 and 190128?
816
Calculate the highest common divisor of 24080400 and 54.
18
Calculate the highest common factor of 195 and 12395895.
15
Calculate the greatest common divisor of 197963179 and 93.
31
What is the highest common factor of 994 and 28224133?
497
What is the greatest common divisor of 1174 and 16257552?
1174
What is the highest common divisor of 8344 and 2135288008?
8344
Calculate the greatest common divisor of 2532 and 489466828.
844
What is the greatest common divisor of 176 and 1871364?
44
What is the highest common divisor of 592705 and 51680?
1615
Calculate the highest common factor of 295605 and 52209.
9
Calculate the highest common divisor of 13600 and 26803900.
1700
Calculate the highest common divisor of 9515754 and 13078.
1006
What is the greatest common divisor of 65 and 36770760?
65
What is the greatest common factor of 2715 and 29938305?
2715
Calculate the greatest common factor of 4795270103 and 247.
247
Calculate the highest common factor of 203795430 and 30.
30
Calculate the greatest common divisor of 22043 and 670831.
329
Calculate the highest common factor of 6925 and 4925.
25
What is the highest common factor of 114 and 128599714?
38
Calculate the greatest common divisor of 56 and 1128313354.
14
What is the highest common divisor of 2024 and 2124211?
23
Calculate the greatest common divisor of 32376 and 10579.
71
What is the highest common divisor of 163668 and 183237?
1779
Calculate the greatest common factor of 166963 and 1317873.
1621
Calculate the greatest common factor of 258612 and 1104.
276
Calculate the highest common divisor of 13999834 and 579.
193
Calculate the greatest common factor of 46797 and 239818.
19
Calculate the greatest common factor of 3580 and 47823430.
1790
Calculate the highest common factor of 7913132 and 10445.
2089
Calculate the highest common factor of 44908 and 153676.
412
Calculate the highest common factor of 4482 and 95924511.
747
Calculate the greatest common factor of 168 and 221017704.
24
Calculate the highest common factor of 6 and 1319698.
2
What is the greatest common factor of 539480 and 460?
20
What is the greatest common factor of 205 and 8522793?
41
What is the greatest common divisor of 1359 and 131787?
9
Calculate the greatest common divisor of 128 and 9392512.
128
Calculate the greatest common factor of 2602 and 104622517.
130